(r) be the third derivative of r**5/30 - 7*r**4/24 + r**3 - r**2. Calculate l(d).
10
Let h(u) = -u**2 + 15*u - 20. Suppose 38*n + 4*f = 41*n - 31, f = -3*n + 41. What is h(n)?
6
Let t be (8/20)/(9/(-15))*-6. Let x(f) = f - 1. Give x(t).
3
Let v(u) = -u - 9. Let q(p) = 5*p - 35. Let j(f) = f + 12. Let n be j(-5). Let z be q(n). What is v(z)?
-9
Let q(k) = k**2 - 8*k + 4. Let o(m) = -m**3 + 11*m**2 + 12*m. Let i be o(12). Let b = 5 - i. Suppose 0 = 5*t - b*x - 30, 0*x = -t - 3*x + 6. What is q(t)?
-8
Let c(o) = -o + 4. Let z be c(7). Let y = z + -4. Let p = y - -1. Let q(h) = h**3 + 5*h**2 - 6*h + 5. Determine q(p).
5
Let i(y) be the first derivative of y**2 + 43*y - 59. What is i(-22)?
-1
Let f(r) = -r**3 + 7*r**2 - 7*r + 4. Suppose -5*d = 5*g - d - 4, 0 = d + 4. Determine f(g).
24
Let q(y) = -3 + 5 + 6 + y**2 - 7*y. Suppose 2*n = 111 - 99. What is q(n)?
2
Suppose -6*i - 51 = -117. Let s(d) = 3*d - 27. Determine s(i).
6
Let a(d) be the second derivative of 1/2*d**2 + 1/2*d**4 + 0 - 2*d + 0*d**3. Let h = -7 - -6. Give a(h).
7
Suppose 8 = 5*l - y, -2*l - 3*l + 3*y + 14 = 0. Let t(n) = -6*n - l - 3 + 9*n + n**2 - 6*n. What is t(4)?
0
Let k(v) = -13*v + 48. Let b(m) = 7*m - 24. Let q(j) = -11*b(j) - 6*k(j). Calculate q(18).
-6
Let l(z) = z + 12. Let u be l(-9). Suppose -23 = -4*n - 3*j, 4*j = -0*n - u*n + 26. Let a(p) = 0 - 3*p - p**n - 3*p + 5. What is a(-6)?
5
Let p = 40 - 22. Let s be (1*-5)/(p/414). Let q be s/15 - (-3)/(-9). Let a(z) = -z**2 - 10*z - 8. Give a(q).
8
Let h(a) = -9*a**3 - a**2 - a + 2. Suppose -2 = 4*g + 10, 3*f = -3*g - 6. What is h(f)?
-9
Let f be (-112)/(-35)*(-3 - 11/(-2)). Suppose 5*a - 5*j = 30, f*j - 7 = -2*a + 5*j. Let y(i) = i**2 - 3*i + 7. Give y(a).
17
Let z(o) = -o**2 - 14*o - 17. Suppose -12*g = -25*g - 182. What is z(g)?
-17
Let g(q) = 17*q. Let t be g(1). Let d = t - 10. Let x(f) = 2*f**2 + f - 5 - f**2 - d*f - 3. Calculate x(6).
-8
Let o(c) be the first derivative of -c**4/4 - c**3/3 - 16*c - 8. Let d = -8 + 10. Suppose d*h = 4*l + 8, l - 2 = -h + 2*l. Determine o(h).
-16
Let y be (-366)/(-54) - 2/(-9). Let f(v) = 10*v - 4*v - y*v - 6. What is f(0)?
-6
Suppose -12 = 6*g - 36. Let a(o) = 35 - 16 - 15 - o. Calculate a(g).
0
Let s(u) be the first derivative of 6 + u - 1/2*u**2. Let r be (-6)/4*(-8)/3. What is s(r)?
-3
Let u(n) = -55*n - 30. Let k(f) = -39*f - 20. Let m(x) = -7*k(x) + 5*u(x). Give m(-7).
4
Let m = 86 - 93. Let d(b) = b**3 + 12*b**2 - 2*b + 4. Let w(q) = -2*q**3 - 23*q**2 + 5*q - 8. Let u(k) = -11*d(k) - 6*w(k). Determine u(m).
11
Suppose -8*l = 4*c - 4*l - 28, l + 14 = 2*c. Let v(x) = -2*x + 10. What is v(c)?
-4
Let r(c) = c**2 + 2*c + 3. Let o be r(0). Let s = -47 - -78. Suppose -g = o*w - 15, -2*g - 3*g = 4*w - s. Let p(y) = -y**3 + 3*y**2 + 5*y + 3. What is p(w)?
7
Let p(h) = h + 11. Let w be p(-8). Suppose -2*d + 15 = 3*r + d, 4*r = 3*d + 20. Let c(y) = -4*y**3 - 4*y - y**2 + 0*y**3 + r*y**3 + 3 + 1. Calculate c(w).
10
Let m(l) = -l - 2*l - 4*l**2 - l**3 + 2 + 2. Suppose 173*k = 170*k - 9. Calculate m(k).
4
Let d(y) = y - 1. Let a be (-3)/6*(-41 + -5). Let j(p) = -p + p + 3*p - a. Let c be j(8). Determine d(c).
0
Suppose -j + 16 - 6 = 0. Let s be 10/3*12/j. Let t(l) = 3*l + s*l - 6*l - 2*l - 2. What is t(-1)?
-1
Let b be ((-2 + 2)/(-2))/1. Let q(k) = k + 8 - 4 + 4 - 4 + 7. Determine q(b).
11
Let b(c) = -c - 3*c + 2*c + 1. Let w be (6/(-4))/((-2)/(1 + 7)). Suppose w*a - 10 = -40. Determine b(a).
11
Let c(q) = -25*q + 77. Let n(v) = 5*v - 16. Let r(b) = -2*c(b) - 11*n(b). Calculate r(5).
-3
Let q(v) be the first derivative of -v**4/4 - v**3 + v**2/2 + 10*v - 665. Give q(-3).
7
Let k be 736/368 - (1 + 1 - 0). Let f(j) = j**3 + 2*j**2 - 39. Give f(k).
-39
Suppose -45 = 20*a + 75. Let y(t) = -t - 15. Give y(a).
-9
Let d(o) = -35 + 114 - 40 - 37 + 2*o**2 - 4*o**2 - o. What is d(2)?
-8
Let w(r) = -5*r + 14. Suppose 2*f - 10 = 0, 3*f + 78 = 5*d + 93. What is w(d)?
14
Suppose 2*d - 2*h - 59 = -69, 2*h + 2 = -d. Let x(p) be the third derivative of -p**6/120 - p**5/12 - p**4/12 + 5*p**3/6 - p**2. Determine x(d).
-3
Let l(v) = -13*v + 3. Let z(n) = -5*n + 1. Let f(p) = 6*l(p) - 17*z(p). What is f(4)?
29
Let h = 6 - 10. Let x = 1 - h. Let u(n) be the second derivative of -n**3/6 - 3*n**2/2 + 550*n. Give u(x).
-8
Let d(y) be the second derivative of y**4/12 - 2*y**3/3 + 3*y**2/2 - 10*y + 2. Let b be 8/(-6)*(-6)/4. Let a be d(b). Let f(k) = -3*k - 1. Give f(a).
2
Suppose 9*g - 10 = 4*g. Let k(w) = 1 - 5 - 2 + g*w. Suppose 5*i + 33 = 2*c, -c + i = 2*c - 17. Calculate k(c).
2
Let z(s) = -2 + 2 - 4 - 5 + 3 + 9*s. Determine z(2).
12
Let k(x) be the second derivative of 1/6*x**4 - 4*x**2 + 1/20*x**5 + 0 + 5*x - 1/120*x**6 + 0*x**3. Let p(s) be the first derivative of k(s). Determine p(4).
0
Let r(h) = h**2 + 1. Let n(w) = 2*w**2 + 4*w - 3. Let i(z) = n(z) - r(z). Let t be i(-6). Let j(s) = 1 + 7*s + 3*s + 3*s**3 - 4*s**3 - t*s**2 + 8. Give j(-9).
0
Suppose -4*x - 3*w = -74, 0*w + 79 = 5*x - 3*w. Let q = x + -20. Let s(d) = 11*d - 10*d - 2 + 3. Determine s(q).
-2
Let o(y) be the third derivative of y**5/60 - 17*y**4/24 + 11*y**3/2 + 39*y**2. Let c be o(15). Let g(h) = 2*h - 2. Give g(c).
4
Let k(a) = -5 + 6*a - a**2 - 1 + 2. Let w = 28 + -22. Suppose -5*p + w*p = 6. Give k(p).
-4
Let c(d) be the third derivative of -d**6/120 - d**5/15 - d**4/12 + d**3/6 + 25*d**2. Let z(t) = t + 2. Let n be z(2). Suppose -14*v = -16*v - n. Give c(v).
-3
Let s(b) = -4*b + 1. Let z be 4/(-10) - 126/35. Calculate s(z).
17
Let u(m) be the first derivative of -2*m**2 - 5*m - 138. Give u(7).
-33
Let r(p) = p**2 - 2. Suppose -11*c = -10*c + 16. Let u(o) = -2*o - 34. Let v be u(c). What is r(v)?
2
Let g(c) = c**3 + c**2 + c + 1. Let b(u) = 5*u**3 - 5*u**2 + 3*u + 7. Let a(t) = b(t) - 4*g(t). Suppose -4*n - 3*j = -39 - 12, 5*j - 52 = -3*n. Calculate a(n).
-6
Let s(o) = -2*o + 7. Let h be 7 + -3*8/12. Let t be s(h). Let j(d) = -d - 1. What is j(t)?
2
Suppose -4*l - 6 = 18. Let i(q) = 4*q - 1. Let f(w) = 21*w - 3. Let t(a) = f(a) - 5*i(a). Give t(l).
-4
Let s(w) = 32*w - 7. Let u(n) = -11*n + 2. Let d(m) = 2*s(m) + 7*u(m). Let r = 77 - 52. Let h = -24 + r. Determine d(h).
-13
Let i(c) = 10*c + 1. Let p(k) = -k**2 + 4*k + 13. Let r be p(6). Calculate i(r).
11
Let v(z) = z**2 - 2*z - 1. Let h(q) = 36*q**2 + 5 - 32*q**2 + q**3 - 1. Let x be h(-4). Give v(x).
7
Let k = -53 + 43. Let r be (2 + 12/k)*(-35)/(-14). Let q(j) = -3*j. Calculate q(r).
-6
Let b(c) = 3 + 2 + c - 2. Let m(d) = d**3 - 32*d**2 - 65*d - 96. Let i be m(34). What is b(i)?
9
Suppose -125 = -5*v - 5*o, -2*v - 129 = -7*v - 3*o. Suppose 3*a - v = 3*w + 3, -20 = -5*a - w. Let t(m) = m**3 - 6*m**2 + 5*m - 6. Give t(a).
-6
Let m = 258 - 257. Let j(k) = 7*k. Determine j(m).
7
Let h(x) = -x - 7. Suppose 2*o = -2*o + 64. Suppose 7*g = 11*g + o. Give h(g).
-3
Let k(l) = -2*l + 2. Suppose 0 = -10*m + 9*m - 1, -3*r - 3 = -3*m. Calculate k(r).
6
Let v = 29/3 + -28/3. Let j(y) be the first derivative of -v*y**3 - 3 - 2*y - y**2. Calculate j(-2).
-2
Suppose -3*g + 14 + 2 = -2*s, 0 = -3*g - s + 1. Let o(k) be the third derivative of g*k**2 - 1/24*k**4 + 0 + 0*k + 0*k**3. Determine o(-5).
5
Suppose 5*p - 22 + 2 = 0. Suppose 2 + 1 = -p*w + j, -9 = w - 3*j. Let q(g) = -g**2 - g - 2. Give q(w).
-2
Let f(u) = -u. Let z(g) = g - 3. Let w(i) = 4*f(i) + z(i). Let c be (0 - 4)*10/8. Let s(p) = -p**2 - 6*p - 7. Let k be s(c). What is w(k)?
3
Let p(x) = -17925*x**3 + 17926*x**3 - 7 + 5*x**2 + 3*x - 12*x. Give p(-6).
11
Let i = -1 + -7. Let k = -5 - i. Suppose 0 = 4*w - 1 - k. Let y(a) = -6*a**2 - a. What is y(w)?
-7
Let l(k) = k**2 - 5*k + 2. Let c(z) = 26*z - 15. Let x be c(3). Let j = 67 - x. Calculate l(j).
-2
Let r = -144 - -152. Suppose 0 = r*l - 9*l - 1. Let c(j) be the first derivative of -7*j**3/3 + j**2 + j + 1. Determine c(l).
-8
Let t(i) = -2*i - 19. Let v(w) = w - 1. Let a(z) = t(z) + 3*v(z). Give a(0).
-22
Let o(t) = -4*t - 1. Let g(s) = -s**2 + 9*s - 8. Let j(l) = g(l) + 6*o(l). Determine j(-12).
22
Let j(o) = 2*o**2 - 29*o + 105. Let r be j(9). Let c be (-27)/(-6) - 1/2. Let x(v) = -c - 4 - 4*v + 0 + v**2. What is x(r)?
4
Let y(c) be the first derivative of -c**4 - 8*c**3/3 - 3*c**2 + c - 4. Let p(w) = -4*w**3 - 7*w**2 - 5*w + 1. Let f(h) = 6*p(h) - 5*y(h). Determine f(1).
-5
Let f be (6 